{"id":270,"date":"2023-12-01T13:18:10","date_gmt":"2023-12-01T12:18:10","guid":{"rendered":"https:\/\/doroslych.zdrowiewwyszkowie.pl\/?page_id=270"},"modified":"2023-12-01T13:18:10","modified_gmt":"2023-12-01T12:18:10","slug":"wydruk-dokumentacji-pacjenta-cennik","status":"publish","type":"page","link":"https:\/\/doroslych.zdrowiewwyszkowie.pl\/index.php\/wydruk-dokumentacji-pacjenta-cennik\/","title":{"rendered":"Wydruk dokumentacji Pacjenta &#8211; cennik"},"content":{"rendered":"<figure class=\"wp-block-table\">\n<table>\n<tbody>\n<tr>\n<td rowspan=\"3\"><span style=\"font-size: 14px;\"><strong>Odp\u0142atno\u015b\u0107 za dokumentacj\u0119 medyczn\u0105. Podstawa wyliczenia.<\/strong><\/span><\/p>\n<table>\n<tbody>\n<tr>\n<td rowspan=\"3\"><span style=\"font-size: 14px;\"><strong>Podstawa wyliczenia<\/strong> &#8211; wysoko\u015b\u0107 przeci\u0119tnego wynagrodzenia w poprzednim kwartale<\/span><\/td>\n<td colspan=\"3\"><span style=\"font-size: 14px;\">Maksymalne op\u0142aty za udost\u0119pnienie dokumentacji medycznej<\/span><br \/>\n<span style=\"font-size: 14px;\"> &#8211; <strong>w okresie 01.12.2023 r. &#8211; 29.02.2024r.<\/strong><\/span><\/td>\n<\/tr>\n<tr>\n<td><span style=\"font-size: 14px;\"><strong>1 strona wyci\u0105gu albo odpisu <\/strong><\/span><\/td>\n<td><span style=\"font-size: 14px;\"><strong>1 strona kopii albo wydruku<\/strong><\/span><\/td>\n<td><span style=\"font-size: 14px;\"><strong>Dokumentacja medyczna na informatycznym no\u015bniku danych <\/strong><\/span><\/td>\n<\/tr>\n<tr>\n<td><span style=\"font-size: 14px;\"><strong>maks. 0,002<\/strong> przeci\u0119tnego wynagrodzenia<\/span><\/td>\n<td><span style=\"font-size: 14px;\"><strong>maks. 0,00007<\/strong> przeci\u0119tnego wynagrodzenia<\/span><\/td>\n<td><span style=\"font-size: 14px;\"><strong>maks. 0,0004<\/strong><\/span><br \/>\n<span style=\"font-size: 14px;\"> przeci\u0119tnego wynagrodzenia<\/span><\/td>\n<\/tr>\n<tr>\n<td><span style=\"font-size: 14px;\"><strong>III kwarta\u0142 2023 r.<br \/>\n7195,00 z\u0142<br \/>\n<\/strong><\/span><\/td>\n<td><span style=\"font-size: 14px;\"><strong>14,39 z\u0142<\/strong><\/span><\/td>\n<td><span style=\"font-size: 14px;\"><strong>0,50 z\u0142<\/strong><\/span><\/td>\n<td><span style=\"font-size: 14px;\"><strong>2,87 z\u0142<\/strong><\/span><\/td>\n<\/tr>\n<\/tbody>\n<\/table>\n<\/td>\n<\/tr>\n<\/tbody>\n<\/table>\n<\/figure>\n","protected":false},"excerpt":{"rendered":"<p>Odp\u0142atno\u015b\u0107 za dokumentacj\u0119 medyczn\u0105. Podstawa wyliczenia. Podstawa wyliczenia &#8211; wysoko\u015b\u0107 przeci\u0119tnego wynagrodzenia w poprzednim kwartale Maksymalne op\u0142aty za udost\u0119pnienie dokumentacji medycznej &#8211; w okresie 01.12.2023 r. &#8211; 29.02.2024r. 1 strona wyci\u0105gu albo odpisu 1 strona kopii albo wydruku Dokumentacja medyczna na informatycznym no\u015bniku danych maks. 0,002 przeci\u0119tnego wynagrodzenia maks. 0,00007 przeci\u0119tnego wynagrodzenia maks. 0,0004 przeci\u0119tnego &hellip; <\/p>\n<p class=\"link-more\"><a href=\"https:\/\/doroslych.zdrowiewwyszkowie.pl\/index.php\/wydruk-dokumentacji-pacjenta-cennik\/\" class=\"more-link\">Czytaj dalej<span class=\"screen-reader-text\"> \u201eWydruk dokumentacji Pacjenta &#8211; cennik\u201d<\/span><\/a><\/p>\n","protected":false},"author":2,"featured_media":0,"parent":0,"menu_order":0,"comment_status":"closed","ping_status":"closed","template":"","meta":{"footnotes":""},"class_list":["post-270","page","type-page","status-publish","hentry"],"_links":{"self":[{"href":"https:\/\/doroslych.zdrowiewwyszkowie.pl\/index.php\/wp-json\/wp\/v2\/pages\/270","targetHints":{"allow":["GET"]}}],"collection":[{"href":"https:\/\/doroslych.zdrowiewwyszkowie.pl\/index.php\/wp-json\/wp\/v2\/pages"}],"about":[{"href":"https:\/\/doroslych.zdrowiewwyszkowie.pl\/index.php\/wp-json\/wp\/v2\/types\/page"}],"author":[{"embeddable":true,"href":"https:\/\/doroslych.zdrowiewwyszkowie.pl\/index.php\/wp-json\/wp\/v2\/users\/2"}],"replies":[{"embeddable":true,"href":"https:\/\/doroslych.zdrowiewwyszkowie.pl\/index.php\/wp-json\/wp\/v2\/comments?post=270"}],"version-history":[{"count":1,"href":"https:\/\/doroslych.zdrowiewwyszkowie.pl\/index.php\/wp-json\/wp\/v2\/pages\/270\/revisions"}],"predecessor-version":[{"id":271,"href":"https:\/\/doroslych.zdrowiewwyszkowie.pl\/index.php\/wp-json\/wp\/v2\/pages\/270\/revisions\/271"}],"wp:attachment":[{"href":"https:\/\/doroslych.zdrowiewwyszkowie.pl\/index.php\/wp-json\/wp\/v2\/media?parent=270"}],"curies":[{"name":"wp","href":"https:\/\/api.w.org\/{rel}","templated":true}]}}